{"id":1757,"date":"2020-07-28T11:17:14","date_gmt":"2020-07-28T09:17:14","guid":{"rendered":"https:\/\/echtewerbung.de\/groja\/?page_id=1757"},"modified":"2020-09-11T15:58:28","modified_gmt":"2020-09-11T13:58:28","slug":"grojamix-it-zubehoer","status":"publish","type":"page","link":"https:\/\/echtewerbung.de\/groja\/produkte\/grojagarden\/sichtschutzsysteme\/grojamix-it-zubehoer\/","title":{"rendered":"GroJaMix-It &#038; Zubeh\u00f6r"},"content":{"rendered":"\t\t<div data-elementor-type=\"wp-page\" data-elementor-id=\"1757\" class=\"elementor elementor-1757\" data-elementor-settings=\"[]\">\n\t\t\t\t\t\t<div class=\"elementor-inner\">\n\t\t\t\t\t\t\t<div class=\"elementor-section-wrap\">\n\t\t\t\t\t\t\t<section class=\"elementor-section elementor-top-section elementor-element elementor-element-1a66946 elementor-section-full_width elementor-section-height-default elementor-section-height-default\" data-id=\"1a66946\" data-element_type=\"section\">\n\t\t\t\t\t\t<div class=\"elementor-container elementor-column-gap-no\">\n\t\t\t\t\t\t\t<div class=\"elementor-row\">\n\t\t\t\t\t<div class=\"elementor-column elementor-col-100 elementor-top-column elementor-element elementor-element-15081f0\" data-id=\"15081f0\" data-element_type=\"column\">\n\t\t\t<div class=\"elementor-column-wrap elementor-element-populated\">\n\t\t\t\t\t\t\t<div class=\"elementor-widget-wrap\">\n\t\t\t\t\t\t<div class=\"elementor-element elementor-element-7726faa elementor-pagination-position-outside sliderstart garden elementor--h-position-center elementor--v-position-middle elementor-widget elementor-widget-slides\" data-id=\"7726faa\" data-element_type=\"widget\" data-settings=\"{&quot;navigation&quot;:&quot;dots&quot;,&quot;infinite&quot;:&quot;yes&quot;,&quot;transition&quot;:&quot;slide&quot;,&quot;transition_speed&quot;:500}\" data-widget_type=\"slides.default\">\n\t\t\t\t<div class=\"elementor-widget-container\">\n\t\t\t\t\t<div class=\"elementor-swiper\">\n\t\t\t<div class=\"elementor-slides-wrapper elementor-main-swiper swiper-container\" dir=\"ltr\" data-animation=\"\">\n\t\t\t\t<div class=\"swiper-wrapper elementor-slides\">\n\t\t\t\t\t\t\t\t\t\t<div class=\"elementor-repeater-item-0137e79 swiper-slide\"><div class=\"swiper-slide-bg\"><\/div><div class=\"swiper-slide-inner\" ><div class=\"swiper-slide-contents\"><div class=\"elementor-slide-heading\"><span class=\"slidetitle\">GroJa<\/span>Garden<i><\/i><\/div><div class=\"elementor-slide-description\">GroJaMix-It & Zubeh\u00f6r<\/div><\/div><\/div><\/div>\t\t\t\t<\/div>\n\t\t\t\t\t\t\t<\/div>\n\t\t<\/div>\n\t\t\t\t<\/div>\n\t\t\t\t<\/div>\n\t\t\t\t\t\t<\/div>\n\t\t\t\t\t<\/div>\n\t\t<\/div>\n\t\t\t\t\t\t\t\t<\/div>\n\t\t\t\t\t<\/div>\n\t\t<\/section>\n\t\t\t\t<section class=\"elementor-section elementor-top-section elementor-element elementor-element-3e31813 elementor-section-boxed elementor-section-height-default elementor-section-height-default\" data-id=\"3e31813\" data-element_type=\"section\">\n\t\t\t\t\t\t<div class=\"elementor-container elementor-column-gap-wider\">\n\t\t\t\t\t\t\t<div class=\"elementor-row\">\n\t\t\t\t\t<div class=\"elementor-column elementor-col-100 elementor-top-column elementor-element elementor-element-5faf242\" data-id=\"5faf242\" data-element_type=\"column\">\n\t\t\t<div class=\"elementor-column-wrap elementor-element-populated\">\n\t\t\t\t\t\t\t<div class=\"elementor-widget-wrap\">\n\t\t\t\t\t\t<div class=\"elementor-element elementor-element-e1efcc3 elementor-widget elementor-widget-heading\" data-id=\"e1efcc3\" data-element_type=\"widget\" data-widget_type=\"heading.default\">\n\t\t\t\t<div class=\"elementor-widget-container\">\n\t\t\t<h3 class=\"elementor-heading-title elementor-size-default\">Maximale Individualit\u00e4t\ndurch einheitliches Stecksystem<\/h3>\t\t<\/div>\n\t\t\t\t<\/div>\n\t\t\t\t<div class=\"elementor-element elementor-element-932461d elementor-widget elementor-widget-heading\" data-id=\"932461d\" data-element_type=\"widget\" data-widget_type=\"heading.default\">\n\t\t\t\t<div class=\"elementor-widget-container\">\n\t\t\t<h1 class=\"elementor-heading-title elementor-size-default\">GroJaMix-It & Zubeh\u00f6r<\/h1>\t\t<\/div>\n\t\t\t\t<\/div>\n\t\t\t\t<div class=\"elementor-element elementor-element-02078bb elementor-widget elementor-widget-text-editor\" data-id=\"02078bb\" data-element_type=\"widget\" data-widget_type=\"text-editor.default\">\n\t\t\t\t<div class=\"elementor-widget-container\">\n\t\t\t\t\t\t\t\t<div class=\"elementor-text-editor elementor-clearfix\">\n\t\t\t\t<p>Sie w\u00fcnschen sich einen ausgefallenen Sichtschutzzaun, den es nicht fertig zu kaufen gibt?\u00a0Dank dem einheitlichen Stecksystem der GroJa Steckz\u00e4une lassen sich ganz einfach verschiedene Farben und Designelemente miteinander kombinieren. Stellen Sie sich Schritt f\u00fcr Schritt Ihren individuellen Sichtschutz selbst zusammen.<\/p>\t\t\t\t\t<\/div>\n\t\t\t\t\t\t<\/div>\n\t\t\t\t<\/div>\n\t\t\t\t<div class=\"elementor-element elementor-element-2fcadeb elementor-widget elementor-widget-button\" data-id=\"2fcadeb\" data-element_type=\"widget\" data-widget_type=\"button.default\">\n\t\t\t\t<div class=\"elementor-widget-container\">\n\t\t\t\t\t<div class=\"elementor-button-wrapper\">\n\t\t\t<a href=\"#jetzt-testen\" class=\"elementor-button-link elementor-button elementor-size-sm\" role=\"button\">\n\t\t\t\t\t\t<span class=\"elementor-button-content-wrapper\">\n\t\t\t\t\t\t<span class=\"elementor-button-text\">Jetzt testen<\/span>\n\t\t<\/span>\n\t\t\t\t\t<\/a>\n\t\t<\/div>\n\t\t\t\t<\/div>\n\t\t\t\t<\/div>\n\t\t\t\t\t\t<\/div>\n\t\t\t\t\t<\/div>\n\t\t<\/div>\n\t\t\t\t\t\t\t\t<\/div>\n\t\t\t\t\t<\/div>\n\t\t<\/section>\n\t\t\t\t<section class=\"elementor-section elementor-top-section elementor-element elementor-element-3111980 elementor-section-boxed elementor-section-height-default elementor-section-height-default\" data-id=\"3111980\" data-element_type=\"section\" data-settings=\"{&quot;background_background&quot;:&quot;classic&quot;}\">\n\t\t\t\t\t\t\t<div class=\"elementor-background-overlay\"><\/div>\n\t\t\t\t\t\t\t<div class=\"elementor-container elementor-column-gap-wider\">\n\t\t\t\t\t\t\t<div class=\"elementor-row\">\n\t\t\t\t\t<div class=\"elementor-column elementor-col-100 elementor-top-column elementor-element elementor-element-35d5945\" data-id=\"35d5945\" data-element_type=\"column\">\n\t\t\t<div class=\"elementor-column-wrap elementor-element-populated\">\n\t\t\t\t\t\t\t<div class=\"elementor-widget-wrap\">\n\t\t\t\t\t\t<section class=\"elementor-section elementor-inner-section elementor-element elementor-element-8018684 elementor-section-boxed elementor-section-height-default elementor-section-height-default\" data-id=\"8018684\" data-element_type=\"section\">\n\t\t\t\t\t\t<div class=\"elementor-container elementor-column-gap-default\">\n\t\t\t\t\t\t\t<div class=\"elementor-row\">\n\t\t\t\t\t<div class=\"elementor-column elementor-col-33 elementor-inner-column elementor-element elementor-element-89ba171\" data-id=\"89ba171\" data-element_type=\"column\">\n\t\t\t<div class=\"elementor-column-wrap elementor-element-populated\">\n\t\t\t\t\t\t\t<div class=\"elementor-widget-wrap\">\n\t\t\t\t\t\t<div class=\"elementor-element elementor-element-3f2253c elementor-widget elementor-widget-image\" data-id=\"3f2253c\" data-element_type=\"widget\" data-widget_type=\"image.default\">\n\t\t\t\t<div class=\"elementor-widget-container\">\n\t\t\t\t\t\t\t\t<div class=\"elementor-image\">\n\t\t\t\t\t\t\t\t\t\t\t\t\t<a href=\"\/produkte\/grojagarden\/sichtschutzsysteme\/grojamix-it-zubehoer\/grojamix-it-mix-it\/\">\n\t\t\t\t\t\t\t<img width=\"500\" height=\"500\" src=\"https:\/\/echtewerbung.de\/groja\/wp-content\/uploads\/2020\/09\/groja-sichtschutz-uebersicht-mix-it-500x500.png\" class=\"attachment-custom-portfolio-size size-custom-portfolio-size\" alt=\"\" loading=\"lazy\" srcset=\"https:\/\/echtewerbung.de\/groja\/wp-content\/uploads\/2020\/09\/groja-sichtschutz-uebersicht-mix-it-500x500.png 500w, https:\/\/echtewerbung.de\/groja\/wp-content\/uploads\/2020\/09\/groja-sichtschutz-uebersicht-mix-it-300x300.png 300w, https:\/\/echtewerbung.de\/groja\/wp-content\/uploads\/2020\/09\/groja-sichtschutz-uebersicht-mix-it-150x150.png 150w, https:\/\/echtewerbung.de\/groja\/wp-content\/uploads\/2020\/09\/groja-sichtschutz-uebersicht-mix-it-768x768.png 768w, https:\/\/echtewerbung.de\/groja\/wp-content\/uploads\/2020\/09\/groja-sichtschutz-uebersicht-mix-it.png 770w\" sizes=\"(max-width: 500px) 100vw, 500px\" \/>\t\t\t\t\t\t\t\t<\/a>\n\t\t\t\t\t\t\t\t\t\t\t\t\t\t<\/div>\n\t\t\t\t\t\t<\/div>\n\t\t\t\t<\/div>\n\t\t\t\t\t\t<\/div>\n\t\t\t\t\t<\/div>\n\t\t<\/div>\n\t\t\t\t<div class=\"elementor-column elementor-col-33 elementor-inner-column elementor-element elementor-element-aca8f07\" data-id=\"aca8f07\" data-element_type=\"column\">\n\t\t\t<div class=\"elementor-column-wrap elementor-element-populated\">\n\t\t\t\t\t\t\t<div class=\"elementor-widget-wrap\">\n\t\t\t\t\t\t<div class=\"elementor-element elementor-element-738c4a4 elementor-widget elementor-widget-image\" data-id=\"738c4a4\" data-element_type=\"widget\" data-widget_type=\"image.default\">\n\t\t\t\t<div class=\"elementor-widget-container\">\n\t\t\t\t\t\t\t\t<div class=\"elementor-image\">\n\t\t\t\t\t\t\t\t\t\t\t\t\t<a href=\"\/produkte\/grojagarden\/sichtschutzsysteme\/grojamix-it-zubehoer\/grojamix-it-glow\/\">\n\t\t\t\t\t\t\t<img width=\"500\" height=\"500\" src=\"https:\/\/echtewerbung.de\/groja\/wp-content\/uploads\/2020\/06\/groja-btc-leistungen-grojaglow-500x500.png\" class=\"attachment-custom-portfolio-size size-custom-portfolio-size\" alt=\"GroJa Leistungen GroJa Glow\" loading=\"lazy\" srcset=\"https:\/\/echtewerbung.de\/groja\/wp-content\/uploads\/2020\/06\/groja-btc-leistungen-grojaglow-500x500.png 500w, https:\/\/echtewerbung.de\/groja\/wp-content\/uploads\/2020\/06\/groja-btc-leistungen-grojaglow-300x300.png 300w, https:\/\/echtewerbung.de\/groja\/wp-content\/uploads\/2020\/06\/groja-btc-leistungen-grojaglow-150x150.png 150w, https:\/\/echtewerbung.de\/groja\/wp-content\/uploads\/2020\/06\/groja-btc-leistungen-grojaglow-768x768.png 768w, https:\/\/echtewerbung.de\/groja\/wp-content\/uploads\/2020\/06\/groja-btc-leistungen-grojaglow.png 770w\" sizes=\"(max-width: 500px) 100vw, 500px\" \/>\t\t\t\t\t\t\t\t<\/a>\n\t\t\t\t\t\t\t\t\t\t\t\t\t\t<\/div>\n\t\t\t\t\t\t<\/div>\n\t\t\t\t<\/div>\n\t\t\t\t\t\t<\/div>\n\t\t\t\t\t<\/div>\n\t\t<\/div>\n\t\t\t\t<div class=\"elementor-column elementor-col-33 elementor-inner-column elementor-element elementor-element-96dca72\" data-id=\"96dca72\" data-element_type=\"column\">\n\t\t\t<div class=\"elementor-column-wrap\">\n\t\t\t\t\t\t\t<div class=\"elementor-widget-wrap\">\n\t\t\t\t\t\t\t\t<\/div>\n\t\t\t\t\t<\/div>\n\t\t<\/div>\n\t\t\t\t\t\t\t\t<\/div>\n\t\t\t\t\t<\/div>\n\t\t<\/section>\n\t\t\t\t\t\t<\/div>\n\t\t\t\t\t<\/div>\n\t\t<\/div>\n\t\t\t\t\t\t\t\t<\/div>\n\t\t\t\t\t<\/div>\n\t\t<\/section>\n\t\t\t\t\t\t<\/div>\n\t\t\t\t\t\t<\/div>\n\t\t\t\t\t<\/div>\n\t\t","protected":false},"excerpt":{"rendered":"<p>GroJaGardenGroJaMix-It &#038; Zubeh\u00f6r Maximale Individualit\u00e4t durch einheitliches Stecksystem GroJaMix-It &#038; Zubeh\u00f6r Sie w\u00fcnschen sich einen ausgefallenen Sichtschutzzaun, den es nicht fertig zu kaufen gibt?\u00a0Dank dem einheitlichen Stecksystem der GroJa Steckz\u00e4une lassen sich ganz einfach verschiedene Farben und Designelemente miteinander kombinieren. Stellen Sie sich Schritt f\u00fcr Schritt Ihren individuellen Sichtschutz selbst zusammen. Jetzt testen<\/p>\n","protected":false},"author":1,"featured_media":0,"parent":2030,"menu_order":15,"comment_status":"closed","ping_status":"closed","template":"elementor_header_footer","meta":[],"yoast_head":"<!-- This site is optimized with the Yoast SEO plugin v19.4 - https:\/\/yoast.com\/wordpress\/plugins\/seo\/ -->\n<title>GroJaMix-It &amp; Zubeh\u00f6r | Groen &amp; Janssen GmbH Kunststoffvertrieb<\/title>\n<meta name=\"description\" content=\"GroJa bietet eine Vielzahl an Wind- und Sichtschutzsysteme an, unter anderem GroJaFertigzaun, GroJaSolid und GroJaMix-it.\" \/>\n<meta name=\"robots\" content=\"noindex, follow\" \/>\n<meta property=\"og:locale\" content=\"de_DE\" \/>\n<meta property=\"og:type\" content=\"article\" \/>\n<meta property=\"og:title\" content=\"GroJaMix-It &amp; Zubeh\u00f6r | Groen &amp; Janssen GmbH Kunststoffvertrieb\" \/>\n<meta property=\"og:description\" content=\"GroJa bietet eine Vielzahl an Wind- und Sichtschutzsysteme an, unter anderem GroJaFertigzaun, GroJaSolid und GroJaMix-it.\" \/>\n<meta property=\"og:url\" content=\"https:\/\/echtewerbung.de\/groja\/produkte\/grojagarden\/sichtschutzsysteme\/grojamix-it-zubehoer\/\" \/>\n<meta property=\"og:site_name\" content=\"GroJa\" \/>\n<meta property=\"article:publisher\" content=\"https:\/\/www.facebook.com\/groja24\/\" \/>\n<meta property=\"article:modified_time\" content=\"2020-09-11T13:58:28+00:00\" \/>\n<meta property=\"og:image\" content=\"https:\/\/echtewerbung.de\/groja\/wp-content\/uploads\/2020\/09\/groja-sichtschutz-uebersicht-mix-it-500x500.png\" \/>\n<meta name=\"twitter:card\" content=\"summary_large_image\" \/>\n<script type=\"application\/ld+json\" class=\"yoast-schema-graph\">{\"@context\":\"https:\/\/schema.org\",\"@graph\":[{\"@type\":\"Organization\",\"@id\":\"https:\/\/echtewerbung.de\/groja\/#organization\",\"name\":\"Groen & Janssen GmbH Kunststoffvertrieb\",\"url\":\"https:\/\/echtewerbung.de\/groja\/\",\"sameAs\":[\"https:\/\/www.instagram.com\/groja_kunststoffvertrieb\/\",\"https:\/\/www.pinterest.de\/groja_kunststoffvertrieb\/\",\"https:\/\/www.youtube.com\/channel\/UC1XF-Gho5_Y4yqB7ADFupvg\",\"https:\/\/www.facebook.com\/groja24\/\"],\"logo\":{\"@type\":\"ImageObject\",\"inLanguage\":\"de\",\"@id\":\"https:\/\/echtewerbung.de\/groja\/#\/schema\/logo\/image\/\",\"url\":\"https:\/\/echtewerbung.de\/groja\/wp-content\/uploads\/2020\/06\/GroJa-LOGO.svg\",\"contentUrl\":\"https:\/\/echtewerbung.de\/groja\/wp-content\/uploads\/2020\/06\/GroJa-LOGO.svg\",\"caption\":\"Groen & Janssen GmbH Kunststoffvertrieb\"},\"image\":{\"@id\":\"https:\/\/echtewerbung.de\/groja\/#\/schema\/logo\/image\/\"}},{\"@type\":\"WebSite\",\"@id\":\"https:\/\/echtewerbung.de\/groja\/#website\",\"url\":\"https:\/\/echtewerbung.de\/groja\/\",\"name\":\"GroJa\",\"description\":\"Wettergepr\u00fcfte Qualit\u00e4t f\u00fcr Haus und Garten\",\"publisher\":{\"@id\":\"https:\/\/echtewerbung.de\/groja\/#organization\"},\"potentialAction\":[{\"@type\":\"SearchAction\",\"target\":{\"@type\":\"EntryPoint\",\"urlTemplate\":\"https:\/\/echtewerbung.de\/groja\/?s={search_term_string}\"},\"query-input\":\"required name=search_term_string\"}],\"inLanguage\":\"de\"},{\"@type\":\"WebPage\",\"@id\":\"https:\/\/echtewerbung.de\/groja\/produkte\/grojagarden\/sichtschutzsysteme\/grojamix-it-zubehoer\/\",\"url\":\"https:\/\/echtewerbung.de\/groja\/produkte\/grojagarden\/sichtschutzsysteme\/grojamix-it-zubehoer\/\",\"name\":\"GroJaMix-It & Zubeh\u00f6r | Groen & Janssen GmbH Kunststoffvertrieb\",\"isPartOf\":{\"@id\":\"https:\/\/echtewerbung.de\/groja\/#website\"},\"datePublished\":\"2020-07-28T09:17:14+00:00\",\"dateModified\":\"2020-09-11T13:58:28+00:00\",\"description\":\"GroJa bietet eine Vielzahl an Wind- und Sichtschutzsysteme an, unter anderem GroJaFertigzaun, GroJaSolid und GroJaMix-it.\",\"breadcrumb\":{\"@id\":\"https:\/\/echtewerbung.de\/groja\/produkte\/grojagarden\/sichtschutzsysteme\/grojamix-it-zubehoer\/#breadcrumb\"},\"inLanguage\":\"de\",\"potentialAction\":[{\"@type\":\"ReadAction\",\"target\":[\"https:\/\/echtewerbung.de\/groja\/produkte\/grojagarden\/sichtschutzsysteme\/grojamix-it-zubehoer\/\"]}]},{\"@type\":\"BreadcrumbList\",\"@id\":\"https:\/\/echtewerbung.de\/groja\/produkte\/grojagarden\/sichtschutzsysteme\/grojamix-it-zubehoer\/#breadcrumb\",\"itemListElement\":[{\"@type\":\"ListItem\",\"position\":1,\"name\":\"Startseite\",\"item\":\"https:\/\/echtewerbung.de\/groja\/\"},{\"@type\":\"ListItem\",\"position\":2,\"name\":\"Produkte\",\"item\":\"https:\/\/echtewerbung.de\/groja\/produkte\/\"},{\"@type\":\"ListItem\",\"position\":3,\"name\":\"GroJaGarden\",\"item\":\"https:\/\/echtewerbung.de\/groja\/produkte\/grojagarden\/\"},{\"@type\":\"ListItem\",\"position\":4,\"name\":\"Sichtschutzsysteme\",\"item\":\"https:\/\/echtewerbung.de\/groja\/produkte\/grojagarden\/sichtschutzsysteme\/\"},{\"@type\":\"ListItem\",\"position\":5,\"name\":\"GroJaMix-It &#038; Zubeh\u00f6r\"}]}]}<\/script>\n<!-- \/ Yoast SEO plugin. -->","yoast_head_json":{"title":"GroJaMix-It & Zubeh\u00f6r | Groen & Janssen GmbH Kunststoffvertrieb","description":"GroJa bietet eine Vielzahl an Wind- und Sichtschutzsysteme an, unter anderem GroJaFertigzaun, GroJaSolid und GroJaMix-it.","robots":{"index":"noindex","follow":"follow"},"og_locale":"de_DE","og_type":"article","og_title":"GroJaMix-It & Zubeh\u00f6r | Groen & Janssen GmbH Kunststoffvertrieb","og_description":"GroJa bietet eine Vielzahl an Wind- und Sichtschutzsysteme an, unter anderem GroJaFertigzaun, GroJaSolid und GroJaMix-it.","og_url":"https:\/\/echtewerbung.de\/groja\/produkte\/grojagarden\/sichtschutzsysteme\/grojamix-it-zubehoer\/","og_site_name":"GroJa","article_publisher":"https:\/\/www.facebook.com\/groja24\/","article_modified_time":"2020-09-11T13:58:28+00:00","og_image":[{"url":"https:\/\/echtewerbung.de\/groja\/wp-content\/uploads\/2020\/09\/groja-sichtschutz-uebersicht-mix-it-500x500.png"}],"twitter_card":"summary_large_image","schema":{"@context":"https:\/\/schema.org","@graph":[{"@type":"Organization","@id":"https:\/\/echtewerbung.de\/groja\/#organization","name":"Groen & Janssen GmbH Kunststoffvertrieb","url":"https:\/\/echtewerbung.de\/groja\/","sameAs":["https:\/\/www.instagram.com\/groja_kunststoffvertrieb\/","https:\/\/www.pinterest.de\/groja_kunststoffvertrieb\/","https:\/\/www.youtube.com\/channel\/UC1XF-Gho5_Y4yqB7ADFupvg","https:\/\/www.facebook.com\/groja24\/"],"logo":{"@type":"ImageObject","inLanguage":"de","@id":"https:\/\/echtewerbung.de\/groja\/#\/schema\/logo\/image\/","url":"https:\/\/echtewerbung.de\/groja\/wp-content\/uploads\/2020\/06\/GroJa-LOGO.svg","contentUrl":"https:\/\/echtewerbung.de\/groja\/wp-content\/uploads\/2020\/06\/GroJa-LOGO.svg","caption":"Groen & Janssen GmbH Kunststoffvertrieb"},"image":{"@id":"https:\/\/echtewerbung.de\/groja\/#\/schema\/logo\/image\/"}},{"@type":"WebSite","@id":"https:\/\/echtewerbung.de\/groja\/#website","url":"https:\/\/echtewerbung.de\/groja\/","name":"GroJa","description":"Wettergepr\u00fcfte Qualit\u00e4t f\u00fcr Haus und Garten","publisher":{"@id":"https:\/\/echtewerbung.de\/groja\/#organization"},"potentialAction":[{"@type":"SearchAction","target":{"@type":"EntryPoint","urlTemplate":"https:\/\/echtewerbung.de\/groja\/?s={search_term_string}"},"query-input":"required name=search_term_string"}],"inLanguage":"de"},{"@type":"WebPage","@id":"https:\/\/echtewerbung.de\/groja\/produkte\/grojagarden\/sichtschutzsysteme\/grojamix-it-zubehoer\/","url":"https:\/\/echtewerbung.de\/groja\/produkte\/grojagarden\/sichtschutzsysteme\/grojamix-it-zubehoer\/","name":"GroJaMix-It & Zubeh\u00f6r | Groen & Janssen GmbH Kunststoffvertrieb","isPartOf":{"@id":"https:\/\/echtewerbung.de\/groja\/#website"},"datePublished":"2020-07-28T09:17:14+00:00","dateModified":"2020-09-11T13:58:28+00:00","description":"GroJa bietet eine Vielzahl an Wind- und Sichtschutzsysteme an, unter anderem GroJaFertigzaun, GroJaSolid und GroJaMix-it.","breadcrumb":{"@id":"https:\/\/echtewerbung.de\/groja\/produkte\/grojagarden\/sichtschutzsysteme\/grojamix-it-zubehoer\/#breadcrumb"},"inLanguage":"de","potentialAction":[{"@type":"ReadAction","target":["https:\/\/echtewerbung.de\/groja\/produkte\/grojagarden\/sichtschutzsysteme\/grojamix-it-zubehoer\/"]}]},{"@type":"BreadcrumbList","@id":"https:\/\/echtewerbung.de\/groja\/produkte\/grojagarden\/sichtschutzsysteme\/grojamix-it-zubehoer\/#breadcrumb","itemListElement":[{"@type":"ListItem","position":1,"name":"Startseite","item":"https:\/\/echtewerbung.de\/groja\/"},{"@type":"ListItem","position":2,"name":"Produkte","item":"https:\/\/echtewerbung.de\/groja\/produkte\/"},{"@type":"ListItem","position":3,"name":"GroJaGarden","item":"https:\/\/echtewerbung.de\/groja\/produkte\/grojagarden\/"},{"@type":"ListItem","position":4,"name":"Sichtschutzsysteme","item":"https:\/\/echtewerbung.de\/groja\/produkte\/grojagarden\/sichtschutzsysteme\/"},{"@type":"ListItem","position":5,"name":"GroJaMix-It &#038; Zubeh\u00f6r"}]}]}},"_links":{"self":[{"href":"https:\/\/echtewerbung.de\/groja\/wp-json\/wp\/v2\/pages\/1757"}],"collection":[{"href":"https:\/\/echtewerbung.de\/groja\/wp-json\/wp\/v2\/pages"}],"about":[{"href":"https:\/\/echtewerbung.de\/groja\/wp-json\/wp\/v2\/types\/page"}],"author":[{"embeddable":true,"href":"https:\/\/echtewerbung.de\/groja\/wp-json\/wp\/v2\/users\/1"}],"replies":[{"embeddable":true,"href":"https:\/\/echtewerbung.de\/groja\/wp-json\/wp\/v2\/comments?post=1757"}],"version-history":[{"count":10,"href":"https:\/\/echtewerbung.de\/groja\/wp-json\/wp\/v2\/pages\/1757\/revisions"}],"predecessor-version":[{"id":4457,"href":"https:\/\/echtewerbung.de\/groja\/wp-json\/wp\/v2\/pages\/1757\/revisions\/4457"}],"up":[{"embeddable":true,"href":"https:\/\/echtewerbung.de\/groja\/wp-json\/wp\/v2\/pages\/2030"}],"wp:attachment":[{"href":"https:\/\/echtewerbung.de\/groja\/wp-json\/wp\/v2\/media?parent=1757"}],"curies":[{"name":"wp","href":"https:\/\/api.w.org\/{rel}","templated":true}]}}