{"id":447,"date":"2020-06-23T11:16:11","date_gmt":"2020-06-23T09:16:11","guid":{"rendered":"https:\/\/echtewerbung.de\/groja\/?page_id=447"},"modified":"2020-10-05T10:54:53","modified_gmt":"2020-10-05T08:54:53","slug":"grojatechnics","status":"publish","type":"page","link":"https:\/\/echtewerbung.de\/groja\/produkte\/grojatechnics\/","title":{"rendered":"GroJaTechnics"},"content":{"rendered":"\t\t<div data-elementor-type=\"wp-page\" data-elementor-id=\"447\" class=\"elementor elementor-447\" data-elementor-settings=\"[]\">\n\t\t\t\t\t\t<div class=\"elementor-inner\">\n\t\t\t\t\t\t\t<div class=\"elementor-section-wrap\">\n\t\t\t\t\t\t\t<section class=\"elementor-section elementor-top-section elementor-element elementor-element-1a66946 elementor-section-full_width elementor-section-height-default elementor-section-height-default\" data-id=\"1a66946\" data-element_type=\"section\">\n\t\t\t\t\t\t<div class=\"elementor-container elementor-column-gap-no\">\n\t\t\t\t\t\t\t<div class=\"elementor-row\">\n\t\t\t\t\t<div class=\"elementor-column elementor-col-100 elementor-top-column elementor-element elementor-element-15081f0\" data-id=\"15081f0\" data-element_type=\"column\">\n\t\t\t<div class=\"elementor-column-wrap elementor-element-populated\">\n\t\t\t\t\t\t\t<div class=\"elementor-widget-wrap\">\n\t\t\t\t\t\t<div class=\"elementor-element elementor-element-7726faa elementor-pagination-position-outside sliderstart technics elementor--h-position-center elementor--v-position-middle elementor-widget elementor-widget-slides\" data-id=\"7726faa\" data-element_type=\"widget\" data-settings=\"{&quot;navigation&quot;:&quot;dots&quot;,&quot;infinite&quot;:&quot;yes&quot;,&quot;transition&quot;:&quot;slide&quot;,&quot;transition_speed&quot;:500}\" data-widget_type=\"slides.default\">\n\t\t\t\t<div class=\"elementor-widget-container\">\n\t\t\t\t\t<div class=\"elementor-swiper\">\n\t\t\t<div class=\"elementor-slides-wrapper elementor-main-swiper swiper-container\" dir=\"ltr\" data-animation=\"\">\n\t\t\t\t<div class=\"swiper-wrapper elementor-slides\">\n\t\t\t\t\t\t\t\t\t\t<div class=\"elementor-repeater-item-0137e79 swiper-slide\"><div class=\"swiper-slide-bg\"><\/div><a class=\"swiper-slide-inner\" href=\"\/produkte\/grojatechnics\"><div class=\"swiper-slide-contents\"><div class=\"elementor-slide-heading\"><span class=\"slidetitle\">GroJa<\/span>Technics<i><\/i><\/div><div class=\"elementor-slide-description\">Individuelle Produktion<br>\nvon Profilen<\/div><\/div><\/a><\/div>\t\t\t\t<\/div>\n\t\t\t\t\t\t\t<\/div>\n\t\t<\/div>\n\t\t\t\t<\/div>\n\t\t\t\t<\/div>\n\t\t\t\t\t\t<\/div>\n\t\t\t\t\t<\/div>\n\t\t<\/div>\n\t\t\t\t\t\t\t\t<\/div>\n\t\t\t\t\t<\/div>\n\t\t<\/section>\n\t\t\t\t<section class=\"elementor-section elementor-top-section elementor-element elementor-element-3bb972c6 elementor-section-boxed elementor-section-height-default elementor-section-height-default\" data-id=\"3bb972c6\" data-element_type=\"section\">\n\t\t\t\t\t\t<div class=\"elementor-container elementor-column-gap-no\">\n\t\t\t\t\t\t\t<div class=\"elementor-row\">\n\t\t\t\t\t<div class=\"elementor-column elementor-col-100 elementor-top-column elementor-element elementor-element-651a54a\" data-id=\"651a54a\" data-element_type=\"column\">\n\t\t\t<div class=\"elementor-column-wrap elementor-element-populated\">\n\t\t\t\t\t\t\t<div class=\"elementor-widget-wrap\">\n\t\t\t\t\t\t<div class=\"elementor-element elementor-element-310e2875 elementor-align-left elementor-widget elementor-widget-breadcrumbs\" data-id=\"310e2875\" data-element_type=\"widget\" data-widget_type=\"breadcrumbs.default\">\n\t\t\t\t<div class=\"elementor-widget-container\">\n\t\t\t<span id=\"breadcrumbs\"><span><span><a href=\"https:\/\/echtewerbung.de\/groja\/\">Startseite<\/a><\/span><\/span>\t\t<\/div>\n\t\t\t\t<\/div>\n\t\t\t\t\t\t<\/div>\n\t\t\t\t\t<\/div>\n\t\t<\/div>\n\t\t\t\t\t\t\t\t<\/div>\n\t\t\t\t\t<\/div>\n\t\t<\/section>\n\t\t\t\t<section class=\"elementor-section elementor-top-section elementor-element elementor-element-3e31813 elementor-section-boxed elementor-section-height-default elementor-section-height-default\" data-id=\"3e31813\" data-element_type=\"section\">\n\t\t\t\t\t\t<div class=\"elementor-container elementor-column-gap-wider\">\n\t\t\t\t\t\t\t<div class=\"elementor-row\">\n\t\t\t\t\t<div class=\"elementor-column elementor-col-100 elementor-top-column elementor-element elementor-element-5faf242\" data-id=\"5faf242\" data-element_type=\"column\">\n\t\t\t<div class=\"elementor-column-wrap elementor-element-populated\">\n\t\t\t\t\t\t\t<div class=\"elementor-widget-wrap\">\n\t\t\t\t\t\t<div class=\"elementor-element elementor-element-e1efcc3 elementor-widget elementor-widget-heading\" data-id=\"e1efcc3\" data-element_type=\"widget\" data-widget_type=\"heading.default\">\n\t\t\t\t<div class=\"elementor-widget-container\">\n\t\t\t<h3 class=\"elementor-heading-title elementor-size-default\">Individuell angefertigt<\/h3>\t\t<\/div>\n\t\t\t\t<\/div>\n\t\t\t\t<div class=\"elementor-element elementor-element-932461d elementor-widget elementor-widget-heading\" data-id=\"932461d\" data-element_type=\"widget\" data-widget_type=\"heading.default\">\n\t\t\t\t<div class=\"elementor-widget-container\">\n\t\t\t<h1 class=\"elementor-heading-title elementor-size-default\">Veredelung von Profilen<\/h1>\t\t<\/div>\n\t\t\t\t<\/div>\n\t\t\t\t<div class=\"elementor-element elementor-element-02078bb elementor-widget elementor-widget-text-editor\" data-id=\"02078bb\" data-element_type=\"widget\" data-widget_type=\"text-editor.default\">\n\t\t\t\t<div class=\"elementor-widget-container\">\n\t\t\t\t\t\t\t\t<div class=\"elementor-text-editor elementor-clearfix\">\n\t\t\t\tMit der hochmodernen Verfahrenstechnik bleiben in puncto Farb- und Folienm\u00f6glichkeiten keine W\u00fcnsche mehr offen. Profitieren Sie von innovativer Technologie und finden Sie so die passenden Profile f\u00fcr Ihr Zuhause. F\u00fcr eine ausgezeichnete Qualit\u00e4t arbeiten wir mit namhaften Folienherstellern zusammen, um Ihnen gewohnt langlebige GroJa-Produkte zu bieten. Neben PVC- oder Aluminium-Profilen k\u00f6nnen auch Sonderprofile an unserem Standort in Ostfriesland veredelt werden.\t\t\t\t\t<\/div>\n\t\t\t\t\t\t<\/div>\n\t\t\t\t<\/div>\n\t\t\t\t<div class=\"elementor-element elementor-element-ada494a gallery-spacing-custom elementor-widget elementor-widget-image-gallery\" data-id=\"ada494a\" data-element_type=\"widget\" data-widget_type=\"image-gallery.default\">\n\t\t\t\t<div class=\"elementor-widget-container\">\n\t\t\t\t\t<div class=\"elementor-image-gallery\">\n\t\t\t<div id='gallery-1' class='gallery galleryid-447 gallery-columns-4 gallery-size-full'><figure class='gallery-item'>\n\t\t\t<div class='gallery-icon landscape'>\n\t\t\t\t<a data-elementor-open-lightbox=\"yes\" data-elementor-lightbox-slideshow=\"ada494a\" href='https:\/\/echtewerbung.de\/groja\/wp-content\/uploads\/2020\/09\/groja-grojatechnics-produktion-1.png'><img width=\"770\" height=\"770\" src=\"https:\/\/echtewerbung.de\/groja\/wp-content\/uploads\/2020\/09\/groja-grojatechnics-produktion-1.png\" class=\"attachment-full size-full\" alt=\"\" loading=\"lazy\" srcset=\"https:\/\/echtewerbung.de\/groja\/wp-content\/uploads\/2020\/09\/groja-grojatechnics-produktion-1.png 770w, https:\/\/echtewerbung.de\/groja\/wp-content\/uploads\/2020\/09\/groja-grojatechnics-produktion-1-300x300.png 300w, https:\/\/echtewerbung.de\/groja\/wp-content\/uploads\/2020\/09\/groja-grojatechnics-produktion-1-150x150.png 150w, https:\/\/echtewerbung.de\/groja\/wp-content\/uploads\/2020\/09\/groja-grojatechnics-produktion-1-768x768.png 768w, https:\/\/echtewerbung.de\/groja\/wp-content\/uploads\/2020\/09\/groja-grojatechnics-produktion-1-500x500.png 500w\" sizes=\"(max-width: 770px) 100vw, 770px\" \/><\/a>\n\t\t\t<\/div><\/figure><figure class='gallery-item'>\n\t\t\t<div class='gallery-icon landscape'>\n\t\t\t\t<a data-elementor-open-lightbox=\"yes\" data-elementor-lightbox-slideshow=\"ada494a\" href='https:\/\/echtewerbung.de\/groja\/wp-content\/uploads\/2020\/09\/groja-grojatechnics-produktion-2.png'><img width=\"770\" height=\"770\" src=\"https:\/\/echtewerbung.de\/groja\/wp-content\/uploads\/2020\/09\/groja-grojatechnics-produktion-2.png\" class=\"attachment-full size-full\" alt=\"\" loading=\"lazy\" srcset=\"https:\/\/echtewerbung.de\/groja\/wp-content\/uploads\/2020\/09\/groja-grojatechnics-produktion-2.png 770w, https:\/\/echtewerbung.de\/groja\/wp-content\/uploads\/2020\/09\/groja-grojatechnics-produktion-2-300x300.png 300w, https:\/\/echtewerbung.de\/groja\/wp-content\/uploads\/2020\/09\/groja-grojatechnics-produktion-2-150x150.png 150w, https:\/\/echtewerbung.de\/groja\/wp-content\/uploads\/2020\/09\/groja-grojatechnics-produktion-2-768x768.png 768w, https:\/\/echtewerbung.de\/groja\/wp-content\/uploads\/2020\/09\/groja-grojatechnics-produktion-2-500x500.png 500w\" sizes=\"(max-width: 770px) 100vw, 770px\" \/><\/a>\n\t\t\t<\/div><\/figure><figure class='gallery-item'>\n\t\t\t<div class='gallery-icon landscape'>\n\t\t\t\t<a data-elementor-open-lightbox=\"yes\" data-elementor-lightbox-slideshow=\"ada494a\" href='https:\/\/echtewerbung.de\/groja\/wp-content\/uploads\/2020\/09\/groja-grojatechnics-produktion-3.png'><img width=\"770\" height=\"770\" src=\"https:\/\/echtewerbung.de\/groja\/wp-content\/uploads\/2020\/09\/groja-grojatechnics-produktion-3.png\" class=\"attachment-full size-full\" alt=\"\" loading=\"lazy\" srcset=\"https:\/\/echtewerbung.de\/groja\/wp-content\/uploads\/2020\/09\/groja-grojatechnics-produktion-3.png 770w, https:\/\/echtewerbung.de\/groja\/wp-content\/uploads\/2020\/09\/groja-grojatechnics-produktion-3-300x300.png 300w, https:\/\/echtewerbung.de\/groja\/wp-content\/uploads\/2020\/09\/groja-grojatechnics-produktion-3-150x150.png 150w, https:\/\/echtewerbung.de\/groja\/wp-content\/uploads\/2020\/09\/groja-grojatechnics-produktion-3-768x768.png 768w, https:\/\/echtewerbung.de\/groja\/wp-content\/uploads\/2020\/09\/groja-grojatechnics-produktion-3-500x500.png 500w\" sizes=\"(max-width: 770px) 100vw, 770px\" \/><\/a>\n\t\t\t<\/div><\/figure><figure class='gallery-item'>\n\t\t\t<div class='gallery-icon landscape'>\n\t\t\t\t<a data-elementor-open-lightbox=\"yes\" data-elementor-lightbox-slideshow=\"ada494a\" href='https:\/\/echtewerbung.de\/groja\/wp-content\/uploads\/2020\/09\/groja-grojatechnics-produktion-4.png'><img width=\"770\" height=\"770\" src=\"https:\/\/echtewerbung.de\/groja\/wp-content\/uploads\/2020\/09\/groja-grojatechnics-produktion-4.png\" class=\"attachment-full size-full\" alt=\"\" loading=\"lazy\" srcset=\"https:\/\/echtewerbung.de\/groja\/wp-content\/uploads\/2020\/09\/groja-grojatechnics-produktion-4.png 770w, https:\/\/echtewerbung.de\/groja\/wp-content\/uploads\/2020\/09\/groja-grojatechnics-produktion-4-300x300.png 300w, https:\/\/echtewerbung.de\/groja\/wp-content\/uploads\/2020\/09\/groja-grojatechnics-produktion-4-150x150.png 150w, https:\/\/echtewerbung.de\/groja\/wp-content\/uploads\/2020\/09\/groja-grojatechnics-produktion-4-768x768.png 768w, https:\/\/echtewerbung.de\/groja\/wp-content\/uploads\/2020\/09\/groja-grojatechnics-produktion-4-500x500.png 500w\" sizes=\"(max-width: 770px) 100vw, 770px\" \/><\/a>\n\t\t\t<\/div><\/figure>\n\t\t<\/div>\n\t\t<\/div>\n\t\t\t\t<\/div>\n\t\t\t\t<\/div>\n\t\t\t\t\t\t<\/div>\n\t\t\t\t\t<\/div>\n\t\t<\/div>\n\t\t\t\t\t\t\t\t<\/div>\n\t\t\t\t\t<\/div>\n\t\t<\/section>\n\t\t\t\t<section class=\"elementor-section elementor-top-section elementor-element elementor-element-57005a0 elementor-section-boxed elementor-section-height-default elementor-section-height-default\" data-id=\"57005a0\" data-element_type=\"section\">\n\t\t\t\t\t\t<div class=\"elementor-container elementor-column-gap-wider\">\n\t\t\t\t\t\t\t<div class=\"elementor-row\">\n\t\t\t\t\t<div class=\"elementor-column elementor-col-100 elementor-top-column elementor-element elementor-element-23cc5fe\" data-id=\"23cc5fe\" data-element_type=\"column\">\n\t\t\t<div class=\"elementor-column-wrap elementor-element-populated\">\n\t\t\t\t\t\t\t<div class=\"elementor-widget-wrap\">\n\t\t\t\t\t\t<div class=\"elementor-element elementor-element-f73571d elementor-aspect-ratio-169 elementor-widget elementor-widget-video\" data-id=\"f73571d\" data-element_type=\"widget\" data-settings=\"{&quot;video_type&quot;:&quot;hosted&quot;,&quot;start&quot;:0,&quot;autoplay&quot;:&quot;yes&quot;,&quot;controls&quot;:&quot;yes&quot;,&quot;aspect_ratio&quot;:&quot;169&quot;}\" data-widget_type=\"video.default\">\n\t\t\t\t<div class=\"elementor-widget-container\">\n\t\t\t\t\t<div class=\"e-hosted-video elementor-wrapper elementor-fit-aspect-ratio elementor-open-inline\">\n\t\t\t\t\t<video class=\"elementor-video\" src=\"https:\/\/echtewerbung.de\/groja\/wp-content\/uploads\/2020\/07\/GroJa-Extruder_Website.mp4\" autoplay=\"\" controls=\"\" controlsList=\"nodownload\"><\/video>\n\t\t\t\t<\/div>\n\t\t\t\t<\/div>\n\t\t\t\t<\/div>\n\t\t\t\t\t\t<\/div>\n\t\t\t\t\t<\/div>\n\t\t<\/div>\n\t\t\t\t\t\t\t\t<\/div>\n\t\t\t\t\t<\/div>\n\t\t<\/section>\n\t\t\t\t\t\t<\/div>\n\t\t\t\t\t\t<\/div>\n\t\t\t\t\t<\/div>\n\t\t","protected":false},"excerpt":{"rendered":"<p>GroJaTechnicsIndividuelle Produktion von Profilen Individuell angefertigt Veredelung von Profilen Mit der hochmodernen Verfahrenstechnik bleiben in puncto Farb- und Folienm\u00f6glichkeiten keine W\u00fcnsche mehr offen. Profitieren Sie von innovativer Technologie und finden Sie so die passenden Profile f\u00fcr Ihr Zuhause. F\u00fcr eine ausgezeichnete Qualit\u00e4t arbeiten wir mit namhaften Folienherstellern zusammen, um Ihnen gewohnt langlebige GroJa-Produkte zu bieten. [&hellip;]<\/p>\n","protected":false},"author":1,"featured_media":0,"parent":308,"menu_order":55,"comment_status":"closed","ping_status":"closed","template":"elementor_header_footer","meta":[],"yoast_head":"<!-- This site is optimized with the Yoast SEO plugin v19.4 - https:\/\/yoast.com\/wordpress\/plugins\/seo\/ -->\n<title>GroJaTechnics | Groen &amp; Janssen GmbH Kunststoffvertrieb<\/title>\n<meta name=\"description\" content=\"Der Bereich GroJaTechnics von Groen &amp; Janssen GmbH Kunststoffvertrieb bietet Ihnen eine individuelle Produktion von Profilen.\" \/>\n<meta name=\"robots\" content=\"noindex, follow\" \/>\n<meta property=\"og:locale\" content=\"de_DE\" \/>\n<meta property=\"og:type\" content=\"article\" \/>\n<meta property=\"og:title\" content=\"GroJaTechnics | Groen &amp; Janssen GmbH Kunststoffvertrieb\" \/>\n<meta property=\"og:description\" content=\"Der Bereich GroJaTechnics von Groen &amp; Janssen GmbH Kunststoffvertrieb bietet Ihnen eine individuelle Produktion von Profilen.\" \/>\n<meta property=\"og:url\" content=\"https:\/\/echtewerbung.de\/groja\/produkte\/grojatechnics\/\" \/>\n<meta property=\"og:site_name\" content=\"GroJa\" \/>\n<meta property=\"article:publisher\" content=\"https:\/\/www.facebook.com\/groja24\/\" \/>\n<meta property=\"article:modified_time\" content=\"2020-10-05T08:54:53+00:00\" \/>\n<meta property=\"og:image\" content=\"https:\/\/echtewerbung.de\/groja\/wp-content\/uploads\/2020\/09\/groja-grojatechnics-produktion-1.png\" \/>\n<meta name=\"twitter:card\" content=\"summary_large_image\" \/>\n<script type=\"application\/ld+json\" class=\"yoast-schema-graph\">{\"@context\":\"https:\/\/schema.org\",\"@graph\":[{\"@type\":\"Organization\",\"@id\":\"https:\/\/echtewerbung.de\/groja\/#organization\",\"name\":\"Groen & Janssen GmbH Kunststoffvertrieb\",\"url\":\"https:\/\/echtewerbung.de\/groja\/\",\"sameAs\":[\"https:\/\/www.instagram.com\/groja_kunststoffvertrieb\/\",\"https:\/\/www.pinterest.de\/groja_kunststoffvertrieb\/\",\"https:\/\/www.youtube.com\/channel\/UC1XF-Gho5_Y4yqB7ADFupvg\",\"https:\/\/www.facebook.com\/groja24\/\"],\"logo\":{\"@type\":\"ImageObject\",\"inLanguage\":\"de\",\"@id\":\"https:\/\/echtewerbung.de\/groja\/#\/schema\/logo\/image\/\",\"url\":\"https:\/\/echtewerbung.de\/groja\/wp-content\/uploads\/2020\/06\/GroJa-LOGO.svg\",\"contentUrl\":\"https:\/\/echtewerbung.de\/groja\/wp-content\/uploads\/2020\/06\/GroJa-LOGO.svg\",\"caption\":\"Groen & Janssen GmbH Kunststoffvertrieb\"},\"image\":{\"@id\":\"https:\/\/echtewerbung.de\/groja\/#\/schema\/logo\/image\/\"}},{\"@type\":\"WebSite\",\"@id\":\"https:\/\/echtewerbung.de\/groja\/#website\",\"url\":\"https:\/\/echtewerbung.de\/groja\/\",\"name\":\"GroJa\",\"description\":\"Wettergepr\u00fcfte Qualit\u00e4t f\u00fcr Haus und Garten\",\"publisher\":{\"@id\":\"https:\/\/echtewerbung.de\/groja\/#organization\"},\"potentialAction\":[{\"@type\":\"SearchAction\",\"target\":{\"@type\":\"EntryPoint\",\"urlTemplate\":\"https:\/\/echtewerbung.de\/groja\/?s={search_term_string}\"},\"query-input\":\"required name=search_term_string\"}],\"inLanguage\":\"de\"},{\"@type\":\"WebPage\",\"@id\":\"https:\/\/echtewerbung.de\/groja\/produkte\/grojatechnics\/\",\"url\":\"https:\/\/echtewerbung.de\/groja\/produkte\/grojatechnics\/\",\"name\":\"GroJaTechnics | Groen & Janssen GmbH Kunststoffvertrieb\",\"isPartOf\":{\"@id\":\"https:\/\/echtewerbung.de\/groja\/#website\"},\"datePublished\":\"2020-06-23T09:16:11+00:00\",\"dateModified\":\"2020-10-05T08:54:53+00:00\",\"description\":\"Der Bereich GroJaTechnics von Groen & Janssen GmbH Kunststoffvertrieb bietet Ihnen eine individuelle Produktion von Profilen.\",\"breadcrumb\":{\"@id\":\"https:\/\/echtewerbung.de\/groja\/produkte\/grojatechnics\/#breadcrumb\"},\"inLanguage\":\"de\",\"potentialAction\":[{\"@type\":\"ReadAction\",\"target\":[\"https:\/\/echtewerbung.de\/groja\/produkte\/grojatechnics\/\"]}]},{\"@type\":\"BreadcrumbList\",\"@id\":\"https:\/\/echtewerbung.de\/groja\/produkte\/grojatechnics\/#breadcrumb\",\"itemListElement\":[{\"@type\":\"ListItem\",\"position\":1,\"name\":\"Startseite\",\"item\":\"https:\/\/echtewerbung.de\/groja\/\"},{\"@type\":\"ListItem\",\"position\":2,\"name\":\"Produkte\",\"item\":\"https:\/\/echtewerbung.de\/groja\/produkte\/\"},{\"@type\":\"ListItem\",\"position\":3,\"name\":\"GroJaTechnics\"}]}]}<\/script>\n<!-- \/ Yoast SEO plugin. -->","yoast_head_json":{"title":"GroJaTechnics | Groen & Janssen GmbH Kunststoffvertrieb","description":"Der Bereich GroJaTechnics von Groen & Janssen GmbH Kunststoffvertrieb bietet Ihnen eine individuelle Produktion von Profilen.","robots":{"index":"noindex","follow":"follow"},"og_locale":"de_DE","og_type":"article","og_title":"GroJaTechnics | Groen & Janssen GmbH Kunststoffvertrieb","og_description":"Der Bereich GroJaTechnics von Groen & Janssen GmbH Kunststoffvertrieb bietet Ihnen eine individuelle Produktion von Profilen.","og_url":"https:\/\/echtewerbung.de\/groja\/produkte\/grojatechnics\/","og_site_name":"GroJa","article_publisher":"https:\/\/www.facebook.com\/groja24\/","article_modified_time":"2020-10-05T08:54:53+00:00","og_image":[{"url":"https:\/\/echtewerbung.de\/groja\/wp-content\/uploads\/2020\/09\/groja-grojatechnics-produktion-1.png"}],"twitter_card":"summary_large_image","schema":{"@context":"https:\/\/schema.org","@graph":[{"@type":"Organization","@id":"https:\/\/echtewerbung.de\/groja\/#organization","name":"Groen & Janssen GmbH Kunststoffvertrieb","url":"https:\/\/echtewerbung.de\/groja\/","sameAs":["https:\/\/www.instagram.com\/groja_kunststoffvertrieb\/","https:\/\/www.pinterest.de\/groja_kunststoffvertrieb\/","https:\/\/www.youtube.com\/channel\/UC1XF-Gho5_Y4yqB7ADFupvg","https:\/\/www.facebook.com\/groja24\/"],"logo":{"@type":"ImageObject","inLanguage":"de","@id":"https:\/\/echtewerbung.de\/groja\/#\/schema\/logo\/image\/","url":"https:\/\/echtewerbung.de\/groja\/wp-content\/uploads\/2020\/06\/GroJa-LOGO.svg","contentUrl":"https:\/\/echtewerbung.de\/groja\/wp-content\/uploads\/2020\/06\/GroJa-LOGO.svg","caption":"Groen & Janssen GmbH Kunststoffvertrieb"},"image":{"@id":"https:\/\/echtewerbung.de\/groja\/#\/schema\/logo\/image\/"}},{"@type":"WebSite","@id":"https:\/\/echtewerbung.de\/groja\/#website","url":"https:\/\/echtewerbung.de\/groja\/","name":"GroJa","description":"Wettergepr\u00fcfte Qualit\u00e4t f\u00fcr Haus und Garten","publisher":{"@id":"https:\/\/echtewerbung.de\/groja\/#organization"},"potentialAction":[{"@type":"SearchAction","target":{"@type":"EntryPoint","urlTemplate":"https:\/\/echtewerbung.de\/groja\/?s={search_term_string}"},"query-input":"required name=search_term_string"}],"inLanguage":"de"},{"@type":"WebPage","@id":"https:\/\/echtewerbung.de\/groja\/produkte\/grojatechnics\/","url":"https:\/\/echtewerbung.de\/groja\/produkte\/grojatechnics\/","name":"GroJaTechnics | Groen & Janssen GmbH Kunststoffvertrieb","isPartOf":{"@id":"https:\/\/echtewerbung.de\/groja\/#website"},"datePublished":"2020-06-23T09:16:11+00:00","dateModified":"2020-10-05T08:54:53+00:00","description":"Der Bereich GroJaTechnics von Groen & Janssen GmbH Kunststoffvertrieb bietet Ihnen eine individuelle Produktion von Profilen.","breadcrumb":{"@id":"https:\/\/echtewerbung.de\/groja\/produkte\/grojatechnics\/#breadcrumb"},"inLanguage":"de","potentialAction":[{"@type":"ReadAction","target":["https:\/\/echtewerbung.de\/groja\/produkte\/grojatechnics\/"]}]},{"@type":"BreadcrumbList","@id":"https:\/\/echtewerbung.de\/groja\/produkte\/grojatechnics\/#breadcrumb","itemListElement":[{"@type":"ListItem","position":1,"name":"Startseite","item":"https:\/\/echtewerbung.de\/groja\/"},{"@type":"ListItem","position":2,"name":"Produkte","item":"https:\/\/echtewerbung.de\/groja\/produkte\/"},{"@type":"ListItem","position":3,"name":"GroJaTechnics"}]}]}},"_links":{"self":[{"href":"https:\/\/echtewerbung.de\/groja\/wp-json\/wp\/v2\/pages\/447"}],"collection":[{"href":"https:\/\/echtewerbung.de\/groja\/wp-json\/wp\/v2\/pages"}],"about":[{"href":"https:\/\/echtewerbung.de\/groja\/wp-json\/wp\/v2\/types\/page"}],"author":[{"embeddable":true,"href":"https:\/\/echtewerbung.de\/groja\/wp-json\/wp\/v2\/users\/1"}],"replies":[{"embeddable":true,"href":"https:\/\/echtewerbung.de\/groja\/wp-json\/wp\/v2\/comments?post=447"}],"version-history":[{"count":10,"href":"https:\/\/echtewerbung.de\/groja\/wp-json\/wp\/v2\/pages\/447\/revisions"}],"predecessor-version":[{"id":4846,"href":"https:\/\/echtewerbung.de\/groja\/wp-json\/wp\/v2\/pages\/447\/revisions\/4846"}],"up":[{"embeddable":true,"href":"https:\/\/echtewerbung.de\/groja\/wp-json\/wp\/v2\/pages\/308"}],"wp:attachment":[{"href":"https:\/\/echtewerbung.de\/groja\/wp-json\/wp\/v2\/media?parent=447"}],"curies":[{"name":"wp","href":"https:\/\/api.w.org\/{rel}","templated":true}]}}